What are the prime factors of 128/q + j/(-3)?
3, 7
Suppose 11 = 4*a + 3. Let k be 0/6 - (a + -2 + 44). Let i = k + 85. What are the prime factors of i?
41
What are the prime factors of (23 - 1690/78)/(76553/(-38277) + 2)?
2, 3, 4253
Let l(w) = -3510*w - 8289. List the prime factors of l(-28).
3, 11, 101
Let l(t) be the first derivative of 7*t**3/3 + 15*t**2/2 + 8*t + 56. List the prime factors of l(-4).
2, 3, 5
Let y(v) = -8*v**2 - 8*v - 20. Let u be y(-2). What are the prime factors of 401*(11/8 - u/(-96))?
401
Let a = -19686 - -26012. List the prime factors of a.
2, 3163
Let u be (-6)/1*1 - (-4)/1. Let s be 24/84 + (-13680)/7. What are the prime factors of (-4)/10 + u*s/20?
3, 5, 13
Suppose -166 + 154 = -6*n. Suppose n*t = -2*h - h + 1421, 2*t = -h + 1431. List the prime factors of t.
2, 359
Suppose 32*g = 248960 - 21760. What are the prime factors of g?
2, 5, 71
List the prime factors of -4 + 4 + 43/(215/250310).
2, 25031
Let q = -15695 + 30568. List the prime factors of q.
107, 139
Let o = 20 - 17. Let t be ((-13)/26)/(1/(-182)). Suppose -26 - t = -3*c - 5*u, 3*c + o*u = 117. List the prime factors of c.
3, 13
Let a be (10/15)/(4/222). Let t = a - 37. Suppose 4*j = -5*q + 227, 4*j + 3*q - 237 = -t*j. What are the prime factors of j?
3, 7
Suppose -4*l - j = 229, -4*l - 204 = -0*j - 4*j. Let r = -57 - l. What are the prime factors of (0 - r)*((-3 - -106) + 4)?
107
Let p(m) = 475*m**2 + 38*m - 2. List the prime factors of p(5).
3, 4021
Suppose -5*t = -a - 21832, 0 = -3*t + 4*a + 5771 + 7318. List the prime factors of t.
11, 397
Suppose p - 2*a + 6 = 2*p, 5*a = -5*p + 45. Let w(b) = -54*b - 15 + 175*b + p. List the prime factors of w(1).
2, 59
Suppose 0 = 5*s - 5*t + 105 + 205, -5*t - 68 = s. Let v = 179 - s. Suppose -6*u = -5*u - 3*m - 72, v = 3*u + 4*m. List the prime factors of u.
2, 3, 13
Let x(s) = -18*s + 129. Let r be x(7). Suppose 4*o - 1891 + 537 = 2*m, -1017 = -3*o + r*m. List the prime factors of o.
2, 13
Let z(n) = 191*n**2 - 90*n - 855. What are the prime factors of z(-8)?
7, 11, 157
Let k = 229 - 188. Suppose -12*v + k*v = 17081. What are the prime factors of v?
19, 31
Let s = -12904 + 33815. What are the prime factors of s?
11, 1901
Suppose 80*b - 38640 = 79*b + u, -2*b = -12*u - 77230. What are the prime factors of b?
5, 59, 131
Suppose -8*u + 11*u - 116868 = 5*p, -2*p = 3*u - 116826. List the prime factors of u.
2, 3, 6491
Let h(o) = 3*o**2 + 15*o. Let z be h(-6). Suppose z*f + 2 = 19*f. What are the prime factors of f/11 - 1/(77/(-9457))?
3, 41
Let f be (20/(-8))/((-3)/6). Let w = f + -2. Suppose 500 = w*p + p. What are the prime factors of p?
5
Suppose -16294 = -t - 4*y, 12 - 6 = 2*y. What are the prime factors of t?
2, 7, 1163
Let k(n) = 325*n + 35. Let c be k(4). Let i = 1959 - c. What are the prime factors of i?
2, 3, 13
Let s(o) = o**3 - 18*o**2 - 41*o + 200. What are the prime factors of s(23)?
2, 3, 317
Let f(y) = 2*y - 16. Suppose -l + 26 = 20. Let j be f(l). Let w = 30 + j. List the prime factors of w.
2, 13
Let p be 141/(7 + 442/(-64)). Suppose 19*b = 15*b + p. What are the prime factors of b?
2, 47
Let p(q) = -6*q - 1. Let k be p(-6). Suppose -v = -368 - k. List the prime factors of v.
13, 31
Let o = 60 - 142. Let w = 85 + o. Suppose 0 = -f - 5*p + 190, -f - 3*f = -w*p - 714. List the prime factors of f.
2, 3, 5
Let j(l) = -246*l + 261. List the prime factors of j(-37).
3, 3121
Suppose -2*c - 5*z = 5418 + 744, -2*z + 9281 = -3*c. Let s = -1776 - c. List the prime factors of s.
5, 263
Suppose -6*a + 3*a = -216. Suppose -a = -4*i + 6*i. Let c = i + 86. What are the prime factors of c?
2, 5
Let a(n) = -n**3 + 2*n**2 + 28*n - 20. Let r be a(6). Suppose -r*b = -l - 2024, -5*b + 7*l - 9*l = -2530. What are the prime factors of b?
2, 11, 23
List the prime factors of -265*(88/(-1100) + (-193)/25).
3, 13, 53
Let w(l) = -26*l + 6. Let c be w(-4). Let h = 310 - c. What are the prime factors of h?
2, 5
Suppose -39748 + 124260 = 8*m. List the prime factors of m.
2, 19, 139
Let h = 5272 - -21114. List the prime factors of h.
2, 79, 167
Suppose -4*s - 35600 = -5*d + 3115, 4*d + 2*s - 30946 = 0. What are the prime factors of d?
71, 109
What are the prime factors of (-1 - 11 - 541976/444)*(-4 - -1)?
2, 43
Let u(h) = 6*h + 88. Let p be u(-18). Let d(t) = -t**3 - 17*t**2 + 47*t + 4. List the prime factors of d(p).
2, 3, 11
Suppose 0*v + 4*v + 20 = 5*w, v = 4*w - 5. Suppose s + 2261 = 6*s + 3*f, w = 4*s + f - 1813. Let r = s + -278. What are the prime factors of r?
2, 11
Suppose 105841 = -652*q + 705*q. What are the prime factors of q?
1997
Suppose 2*k - 67 = 11. What are the prime factors of (1 - k/12)*-144?
2, 3
Suppose -197712 = -186*h + 174*h. List the prime factors of h.
2, 3, 1373
Let b = 13716 + -6195. Suppose b = 26*m - 18063. List the prime factors of m.
2, 3, 41
List the prime factors of 219 - 9*143/99.
2, 103
Let m = -569 + 204. List the prime factors of (1 - m)*1/3.
2, 61
Let d = -3128 - -3131. Suppose v - 1 + 4 = -k, v - 1 = -3*k. Suppose 0 = -5*z + 5*q + 30, -d*z + q - k*q + 38 = 0. List the prime factors of z.
11
Let i(t) = 76*t - 190. Let n be i(17). Suppose 0 = -y - q + 221, -5*q + n = 5*y - q. What are the prime factors of y?
2, 109
Let o(k) = -60*k - 322. Let w(p) = 57*p + 323. Let l(a) = -3*o(a) - 4*w(a). List the prime factors of l(-12).
2, 5
Suppose -7*v - 17*v = 0. Suppose -w + 2*z = -3*z + 12, -w - 2*z + 23 = v. What are the prime factors of w?
13
Let d = 98754 - 21994. What are the prime factors of d?
2, 5, 19, 101
Suppose -7*b - 856 + 835 = 0. What are the prime factors of (-10)/(-25) + (3894/(-5))/b?
2, 5, 13
Suppose -2*u + 3*u = 0, 4*u + 8 = -4*o. Let l be (-2)/o - 26/(-1). Suppose -2*t + 4*z + l + 11 = 0, 5*z - 65 = -2*t. List the prime factors of t.
5
Let d(r) = 116*r**2 - 154*r - 3. What are the prime factors of d(6)?
3, 19
Let j = 130 + -115. List the prime factors of 18*((-5)/(-3) - j/(-3)).
2, 3, 5
Suppose 0 = 3*s - 48 + 39. What are the prime factors of (-21)/s + (0 - -1032)?
5, 41
Let u = 1537 + 8196. What are the prime factors of u?
9733
List the prime factors of 246/(33/(67881/34)).
3, 11, 41
Suppose 0 = -j - 3*w - 13 - 0, -10 = 5*j + 4*w. Suppose -21 = r + r - 3*k, 0 = j*r - 5*k + 27. What are the prime factors of (46/r)/((-9)/27)?
23
Let n be (-12)/78 - 197/(-13). Let l(y) = 23*y - 2*y - 7*y + y**2 + n. What are the prime factors of l(-16)?
47
Let r = 14292 - 5094. List the prime factors of r.
2, 3, 7, 73
Suppose -4*h + 1448 - 140 = 0. Suppose -h*y = -331*y + 580. What are the prime factors of y?
5, 29
Let s be (((-8)/(-2))/1)/(2/8). Suppose 0 = s*y - 358 + 22. What are the prime factors of y?
3, 7
Let w be (-9)/3*5/((-45)/(-168)). Let v = 61 + w. Suppose -v*u = -3*n - 35, u - 35 = -n - 4*n. List the prime factors of u.
2, 5
Let i = 66625 - 26582. List the prime factors of i.
23, 1741
Let c = -1 + -22. Let n = -20 - c. Suppose 0 = -v - 2*r + 45, -4*r = n*v - 37 - 94. List the prime factors of v.
41
What are the prime factors of 4*-1 + 1*(43 - -61926)?
3, 5, 17
Let i = 291 - 276. Suppose -5382 = -i*t + 2*t. List the prime factors of t.
2, 3, 23
List the prime factors of (52*((-16)/10 + 6))/(4/160).
2, 11, 13
Suppose 3*c = -s + 17, -5*c + 22 = 5*s - 23. Suppose 0 = 7*w - 7 - 56. Suppose c*p = w*p - 30. List the prime factors of p.
2, 3
Suppose 0 = -t - 2 - 0, 3*q - 2*t - 37 = 0. Suppose -q*g + 128 = -92. List the prime factors of g.
2, 5
Let m(g) = -g**2 - 6*g - 6. Let b be m(-3). Suppose b*j + 3*c + 121 = 19, 4*j + c + 133 = 0. Let r = j - -99. What are the prime factors of r?
2, 3, 11
Let n = -333 + 336. Suppose 0 = -l - 2*s + 1494, -15*l = -10*l + n*s - 7470. What are the prime factors of l?
2, 3, 83
Let r(v) = 25*v**2 + 15*v - 27. What are the prime factors of r(8)?
1693
Let z(m) = -16*m**2 - 1383*m + 74. What are the prime factors of z(-77)?
11701
Suppose 4*k = d - 3*d - 3720, 0 = -k - 2*d - 930. Let n = k - -1637. What are the prime factors of n?
7, 101
Let m = -179 + 264. Suppose 13*t = m - 20. Suppose t*n - 20 = 0, -4*q - 2*n - 120 = -468. What are the prime factors of q?
5, 17
Suppose -8*w + 93 = -9*w. Let j be -12*(2 + w/12). Suppose j*b - 64*b = 340. List the prime factors of b.
2, 17
Suppose 0 = -3*d + 7*d, 4*j + 3*d - 1100 = 0. Suppose 260 = 5*o + 6*u - 4*u, -5*o + u = -j. List t